 5*h - 3*v, -5*h + 24 = -v - 0*v. Suppose -x + 0*q = h*q + 126, x + 136 = -3*q. Let d = 253 + x. What are the prime factors of d?
2, 3, 17
Let b(g) = g**3 + 5*g**2 + 3*g. Let u be b(-4). Suppose 0*p + u*f = 2*p + 112, 0 = p + 3*f + 36. Let n = p - -153. What are the prime factors of n?
3, 5, 7
Suppose -9666 = 458*x - 461*x. Suppose 9*g = 3*g + x. What are the prime factors of g?
3, 179
Let x be 993/9 - (-2)/3. Let l be 12/2*(-11 + 35/3). Suppose -l*b = x - 435. What are the prime factors of b?
3
Suppose 3*r - 24 = -r. Suppose -3*s - 20 = 2*s - 4*i, 3*s - 4*i = -20. Suppose 403 = r*q - q + 4*l, s = -l - 3. List the prime factors of q.
83
What are the prime factors of (-53142)/(-10) + 5 - -3*1/(-15)?
3, 197
Let q(z) = 43*z + 8. Let p be q(2). Suppose -9*x + p = -95. List the prime factors of x.
3, 7
Let o(c) = 1 + 5 - 4*c - 5 + 6. List the prime factors of o(-31).
131
Let s = 40 + 20. Let z be -15 - (s/3)/(-4). What are the prime factors of -50*(-11)/((-275)/z)?
2, 5
Suppose 2*d - 1620 = -3*j, -4*j + 1708 = 4*d - 448. Suppose -33*u + 35*u = 2*l + j, 1347 = 5*u - l. List the prime factors of u.
269
Suppose -44134 = -2*n - 4*i, -685*i = -686*i - 2. List the prime factors of n.
3, 7, 1051
Suppose -3*r + 3*y - 6594 = -7*r, -3*r = 3*y - 4947. List the prime factors of r.
3, 61
Let c be 3/(-24)*2*0. Let j be (11 - 6) + (c - -191). What are the prime factors of ((-7)/(j/(-24)))/((-3)/(-42))?
2, 3
Suppose -3*k = -3*x, 6*x = 8*x - 8. Suppose -4*d = 4*t - 117 - 267, -369 = -k*d - t. What are the prime factors of d?
7, 13
Suppose -13 = v + 5*k, 5*k + 8 = -2. What are the prime factors of v + 7 + 482 + (-12)/4?
3, 7, 23
Let o(s) be the first derivative of -15*s**4/4 - 2*s**3/3 - 7*s**2 - 80*s + 1. List the prime factors of o(-5).
3, 5, 11
What are the prime factors of 148466/18 + (-1560)/(-1755)?
73, 113
Let s(o) = 18*o**3 + 6*o**2 - 33*o + 157. What are the prime factors of s(11)?
2, 12239
Suppose -5*q - 5 = -5*j, 4*j + q = 6*q. Suppose 662 = 2*t + 4*i, -j*t + 3*t = 3*i - 665. What are the prime factors of t?
337
Let n be -3 + 6 - ((-2 - -1) + -1). Suppose 0 = 5*v + 3*h - 418, -n*v + 7*v + h - 168 = 0. List the prime factors of v.
2, 43
Suppose 20*d - 7*d - 1209 = 0. List the prime factors of ((-51)/(-9))/((-2)/(-2*d)).
17, 31
What are the prime factors of (-60)/(-9) + 54/162 + (38763 - 1)?
3, 12923
Suppose -47*g + 14*g = -265617. What are the prime factors of g?
3, 2683
Let u be ((-5)/((-70)/(-763)))/(3/36). What are the prime factors of ((-12)/9)/(-2 - 1304/u)?
2, 109
Let a(q) be the first derivative of -2*q**2 - 1/4*q**4 - q + 11 - 4/3*q**3. List the prime factors of a(-5).
2, 11
Let z be 4/11 + (-4715)/(-11). Let l = -212 + z. List the prime factors of l.
7, 31
Suppose 0 = -4*a + 2*v + 855 + 449, -5*a - 2*v + 1639 = 0. Let t = 618 - a. List the prime factors of t.
3, 97
Let l(f) = -f**3 - 16*f**2 - f - 12. Let w be l(-16). Suppose -2*k + 539 = 3. What are the prime factors of 1 + w/(16/k)?
2, 17
Let y(f) = -f**2 + 2. Let x be y(-3). Let q be (x/(-2) + -2)*12. Suppose -5*p - 38 = -3*t + q, -5*p + 46 = 3*t. What are the prime factors of t?
17
Let a = 35686 - 25441. What are the prime factors of a?
3, 5, 683
Let p(h) = -37 + 172*h**2 - 170*h**2 - 5*h**3 - 4*h**3 + 3*h**3 - 14*h. What are the prime factors of p(-4)?
3, 5, 29
Suppose a - 29 - 15 = 2*t, 3*a + 48 = -3*t. What are the prime factors of 4 + (2/4 - 8730/t)?
3, 7
Let w(r) = 448*r - 7. Let y(j) = j**2 - 20*j + 2. Let z be y(0). What are the prime factors of w(z)?
7, 127
What are the prime factors of (-40)/(440/28743)*16/(-6)?
2, 13, 67
Suppose -b + 23 = 16. Let c be -3 + (-456)/(-56) + (-1)/b. Suppose o - 44 = 2*f - 286, -603 = -c*f + 2*o. List the prime factors of f.
7, 17
Let r(f) = 1412*f - 2461. List the prime factors of r(2).
3, 11
Let j(g) = g**2 - 25*g + 53. Let l(n) = 4*n**2 - 76*n + 157. Let s(k) = 7*j(k) - 2*l(k). What are the prime factors of s(-11)?
3, 7
Suppose -4*l + 78 = 62. Suppose 0 = 2*r + 2*s - 604, 5*s + 30 = l*r - 1142. List the prime factors of r.
2, 149
Let j(f) = f + 28. Let n be j(-24). Suppose n*u + 2*p + 359 - 2133 = 0, p = -u + 445. What are the prime factors of u?
2, 13, 17
Let m be (604 + 2/1)*(-104 - -107). Let l = m - 1155. What are the prime factors of l?
3, 13, 17
Suppose -4*g = -6 - 6. Suppose -5*r + 7 = -2*r - 2*b, -g*r - 4*b = -13. Suppose -60 = -r*o + 9. What are the prime factors of o?
23
Suppose -i = -4*i - 4*k + 28, 2*k = 2*i. Suppose i*d + 124 = 3*z - 198, 98 = z + d. Suppose -o - o = -z. What are the prime factors of o?
3, 17
Suppose -170275 = -13*y - 28*y + 72117. List the prime factors of y.
2, 739
Let k be 0 - ((-4)/(-8))/((-3)/(-36)). Let u(v) = 107*v**2. Let g(d) = 34239*d**2. Let h(b) = k*g(b) + 1921*u(b). List the prime factors of h(1).
113
Let s(z) = -z**2 - 4*z. Let d be s(-3). Suppose 5*q = -d*q. Suppose 5*a - 62 - 343 = q. What are the prime factors of a?
3
Let v = -9588 - -13350. What are the prime factors of v?
2, 3, 11, 19
Suppose -6*i - 345 = 1011. Let d = i - -454. List the prime factors of d.
2, 3, 19
Suppose s + 18 = 16. What are the prime factors of -49 - -46 - (s + -366)?
5, 73
Let v be (-24)/32 + (-1)/(-8)*-26. List the prime factors of (8 + -1)/(v/4128*-6).
2, 7, 43
Suppose 1445 = 10*a - 5*a. Let w = a + -155. List the prime factors of w.
2, 67
Suppose 4*c = -4*z - 636, 167 = -3*c + 2*z - 335. Let a = c - -243. What are the prime factors of a?
79
List the prime factors of 1182/4*21/((-1638)/(-10712)).
2, 103, 197
Let q(u) = 8435*u - 18. List the prime factors of q(4).
2, 13, 1297
Let s(n) = -290*n + 303. List the prime factors of s(-44).
13063
Suppose 3*x - 2*s + s = 145085, -5*s = -3*x + 145117. List the prime factors of x.
37, 1307
Let i be ((-2)/1)/(-1 - 3/(-5)). Suppose -i*z + 5 = 0, -5*r + 0*r - 2*z + 22 = 0. Suppose 5*o - 991 + 201 = -5*t, 4*t = r*o - 664. List the prime factors of o.
2, 3
Let l(d) = d + 62. Let v be l(8). Let j be -55 + (-4 - -4) + 0. Let w = v + j. What are the prime factors of w?
3, 5
Suppose 0 = -1295*d + 1301*d + 1146. Suppose -2*q - 6*a = -3*a + 718, -4*a = 4*q + 1428. Let u = d - q. List the prime factors of u.
2, 3
Suppose -65*k = -233*k + 2903544. What are the prime factors of k?
3, 7, 823
Let n = 12090 - 4436. List the prime factors of n.
2, 43, 89
Suppose -9 = 20*s + 71. What are the prime factors of 52*((-297)/(-22) - s/2)?
2, 13, 31
Let q(y) = y**3 + 3*y**2 + 3*y + 1. Let i be q(-1). Suppose u + 44 - 55 = i. Suppose -12*n = -u*n - 295. What are the prime factors of n?
5, 59
Let o = -345 + 353. List the prime factors of (28/o - 4)*-862.
431
Let n(v) = 4*v - 1. Let c(g) = g. Let s(o) = -11*c(o) + 4*n(o). Let a(j) = -4*j + 3. Let u(d) = -6*a(d) - 7*s(d). List the prime factors of u(-2).
2
Suppose -12*w + 551 = -25. What are the prime factors of 13986/w - 3/8?
3, 97
Suppose -455424 = -26*u - 130320. What are the prime factors of u?
2, 3, 521
Let v(g) = 5*g + 9. Let h(r) = -r**3 + 9*r**2 - 3*r + 16. Let q be h(7). Suppose 0 = 5*w - q + 33. List the prime factors of v(w).
3, 23
Suppose -2*k - 2*q + 2 = 0, k - 13 = q - 2. Suppose -222 = -2*s - 2*y, 0 = k*s - 3*s + y - 341. List the prime factors of s.
5, 23
Let c(v) = 16*v**2 + 71*v - 99. Let u(a) = -5*a**2 - 23*a + 33. Let p(j) = -2*c(j) - 7*u(j). What are the prime factors of p(14)?
821
Let j(p) = 3 - 72*p + 54 + 70*p + 4 - 8. Suppose -5*l + 61 = 3*n, -2*n = 2*n - 3*l - 62. List the prime factors of j(n).
19
Let o(g) = 3*g - 21 - g + g**2 + 4*g + 16*g. Let y be o(10). Suppose -2*a + y = 59. What are the prime factors of a?
2, 3, 5
Let h = 534 + 8550. List the prime factors of h.
2, 3, 757
Let r(n) = n - 15. Let v be r(14). List the prime factors of (v - (-947)/3) + (-6)/(-18).
3, 5, 7
Suppose -4*u + 38 + 520 = a, 5*a - 2733 = -u. Let v = -336 + a. What are the prime factors of v?
2, 3, 5, 7
Suppose 6*c + 2 = 8. Let i be (-1 - -1)*(c - 2). Suppose 5*l = -i*l + 125. What are the prime factors of l?
5
Let j(a) = -87*a + 6447 - 856*a - 6453. List the prime factors of j(-1).
937
Suppose 7*l = -86 + 23. Let p be (4/((-8)/l))/((-6)/(-8)). Suppose -p*h = 11*h - 3774. What are the prime factors of h?
2, 3, 37
Suppose -45736 = -4*u + 30619 + 46721. What are the prime factors of u?
29, 1061
Let s(y) = y**3 - 4*y**2 - 7*y + 6. Let x be s(8). Let c(a) = -122*a +